Let f = n + -16. Suppose -2*g + 2 = -f. What is the units digit of g?
4
Suppose 9*w - 11*w = -930. Suppose -d + 0*d + w = 3*f, -2*f = -d - 315. What is the tens digit of f?
5
Suppose 3*d + 3*m = 600, 3*m - 5*m = d - 202. Suppose d = 5*a - 4*a. What is the units digit of a?
8
Let k = -15 - -24. Let a = -263 + 267. Let b = k + a. What is the units digit of b?
3
Suppose 5*k - 4*j + 6*j - 6431 = 0, 3*k - 3869 = 4*j. What is the units digit of k?
7
Let y = -4 + 4. Suppose -r - 2*s + 57 = -26, y = -r - 3*s + 79. What is the tens digit of r?
9
Suppose -51 = 11*s - 14*s. Let x = s - 12. Suppose -5*t = 3*i - i - 1, 4 = 3*i + x*t. What is the units digit of i?
3
Let a(w) be the third derivative of -w**6/60 - 7*w**5/60 - 2*w**3/3 - 4*w**2. What is the tens digit of a(-5)?
7
Suppose -3*p - 4*c + 17 = 0, 0*c = -5*p + 3*c + 9. Suppose q = -2*k - p*k + 88, 4*k = 3*q + 78. What is the tens digit of k?
1
Let x = -8949 - -13013. What is the units digit of x?
4
Let z be (-9)/(-6) + (-6)/(-4) - -144. Suppose z = 9*h - 591. What is the tens digit of h?
8
Let g(f) = 88*f**2 + 3*f - 1. Let n be g(1). Let q be ((-8)/6)/((-4)/n). Suppose 3 = -u - 3*a + 14, 0 = -2*u + 2*a + q. What is the tens digit of u?
1
Suppose -4*a = 3*h - 1524, -3*h = -5*a - 1018 - 479. What is the hundreds digit of h?
5
Let b(s) = 4*s - 14. Let o(v) = 3*v - 15. Let d(q) = -4*b(q) + 3*o(q). What is the units digit of d(-5)?
6
Let a be (-462)/(-9) + (-12)/9. Suppose m = 6*m - a. Let g = 42 - m. What is the tens digit of g?
3
Suppose -w + 13 = 4*g + 1, 3*g - 9 = -5*w. Suppose w*o = -4*o + 1236. What is the hundreds digit of o?
3
Suppose 26 + 14 = 5*m. Let b = m - -3. What is the tens digit of b?
1
Suppose -5*c = -57 - 18. Suppose 2460 = 27*m - c*m. What is the hundreds digit of m?
2
Let f be ((-893)/38)/((-2)/(-4)). Let w = 94 + -13. Let d = f + w. What is the units digit of d?
4
Suppose 0 = 11*n - 9*n + 2*q - 254, -n = 5*q - 111. What is the tens digit of n?
3
Suppose 4*h + 4*v - 11 = -51, -3*v = -5*h - 74. What is the tens digit of 2/h - (-8544)/104?
8
Let z(f) = f**2 + 4*f + 4. Let v be z(-4). Suppose v*j + 0 = 16. What is the units digit of 4/16 + 143/j?
6
Let b(h) = -h**2 - h + 13. Let v be b(-3). Suppose 375 + 248 = v*w. What is the tens digit of w?
8
Let k(j) = 867*j**2 - 2*j + 3. What is the units digit of k(1)?
8
Let r(k) = 16*k**2 + 5*k - 17. What is the tens digit of r(-7)?
3
Let h(l) = 5*l - 9 - 7*l**2 - 5 + 0*l - l**3. What is the tens digit of h(-8)?
1
Let t = -3 + 8. Suppose -24 = 3*p + 3*q, -4*p + t*q = 3*q + 38. Let h(y) = -y**2 - 11*y - 12. What is the units digit of h(p)?
6
Let j be (-5)/(-5)*(-1 - -3). Suppose -84 = j*o + 3*a - 7*a, 0 = -2*o - 5*a - 129. Let k = o - -87. What is the units digit of k?
5
Let z = -146 + 158. What is the tens digit of (-1 - -292) + -4*(-3)/z?
9
Let c = -6 + 8. Suppose l = -20 + 46. What is the units digit of 1/c + 65/l?
3
Suppose -3*f = f - 400. Suppose -2*l - 5*i - 62 = 86, -5*l + 2*i = 312. Let r = f + l. What is the tens digit of r?
3
Let y = -1 - -10. Let u(w) be the first derivative of w**3/3 - 7*w**2/2 + 6*w - 2. What is the tens digit of u(y)?
2
Let m be (-1752)/(-9) + 1 - 2/(-6). Suppose -w + 4*w = 3, -l - 2*w + m = 0. What is the tens digit of l?
9
Suppose 4*q - 12 = 5*r, 0*r + 3*r = -2*q - 16. What is the hundreds digit of q/(-4) + (-3)/(-6) + 271?
2
Let q(p) = p**3 + 4*p**2 + 2*p + 3. Let h be q(-3). Suppose 0*j = -h*j + 72. What is the tens digit of j?
1
Suppose -2*w + 4 = -2. Let m = w + 56. What is the units digit of m?
9
What is the units digit of 3/((-63)/1939)*-3?
7
Suppose 1320 = 6*b - 2*b. Let u = b + -231. What is the tens digit of u?
9
Let w(a) = 6*a**2 + 10*a - 30. What is the units digit of w(-14)?
6
Suppose 25 = 5*i, 310 + 432 = 4*f - 2*i. What is the units digit of f?
8
Let d(l) = 39*l - 34. Let s(c) = 8*c - 7. Let f(p) = -2*d(p) + 11*s(p). What is the units digit of f(5)?
1
Let j = 1589 - 833. What is the units digit of j?
6
Let f = 412 - 204. Let q = f + -143. What is the tens digit of q?
6
Let y(g) = 38*g**2 - 4*g. Let r be y(3). Suppose -r = -i - 4*i. Let h = i + -42. What is the units digit of h?
4
Let p = 47 + -45. What is the units digit of -78*(p/(-4) - (-3 - -3))?
9
Suppose -5*q + 0*q = -15, -23846 = -5*b - 2*q. What is the hundreds digit of b?
7
Suppose -2522 + 798 = -3*q - 5*z, -q + 588 = -5*z. What is the hundreds digit of q?
5
Suppose -2*z + 255 = -7*z. Let y = z - -139. What is the units digit of y?
8
Suppose -5*q - 4*a + 2634 = 0, -3*a = -q + 184 + 339. What is the tens digit of q?
2
What is the hundreds digit of 18/(-8)*-1*416 - 4?
9
Let z(a) = -a**2 + 12*a - 6. Let c be z(11). Suppose 5*x + 2*o + 1 = 0, -4*o - 1 = -c*x - 7*o. Let w = 5 - x. What is the units digit of w?
6
Let q = 24 + -19. Suppose q*v - 2*x = 137, 2*v - 5*x = 27 + 11. Suppose 22 = 3*g - v. What is the tens digit of g?
1
Let i(w) = -43*w**2 - 4*w - 19. Let y be i(-5). What is the units digit of (-2)/(-4) + y/(-12) + -2?
8
Let m = -1367 - -1989. What is the tens digit of m?
2
Suppose 6*r - 524 - 610 = 0. What is the hundreds digit of r?
1
Suppose -2*s + 4*d + 1330 = 0, 17 = 3*d + 2. What is the units digit of s?
5
Let r(c) = 2*c**2 + 4*c + 6. Let h = -8 + 13. What is the units digit of r(h)?
6
Let w(r) = -11*r**2 + 2*r + 1. Suppose -a = -4*z - 3, 20 = -3*z - 5*a - 11. Let f be w(z). Let o = -16 - f. What is the tens digit of o?
3
Let s = 574 + 1038. What is the tens digit of s?
1
Let c = -3 - -5. Suppose 3*b - 11 + c = -f, -2*f + 8 = b. What is the units digit of 6*4/18*f?
4
Let d(z) = -2*z**2 + 6*z + 5. Let b be d(4). What is the hundreds digit of (-11)/b*(33 + 0/(-2))?
1
Let g(n) = 64*n**2 - 8*n - 57*n**2 + 2*n**3 - 2 - n**3. What is the tens digit of g(-7)?
5
Let i = 846 + -455. What is the hundreds digit of i?
3
What is the units digit of 0 + -2 - -5*(-15)/(-3)?
3
Suppose -12 = -2*v - 8. Suppose -5*i - 4*l - 7 = -0*l, -5*i + v*l = -11. What is the units digit of i?
1
Suppose -c = o - 10, 3*c + 2*o - 30 = -c. Let n be (-1)/c + (-8)/(-40). What is the tens digit of 35 - (n - (0 - 1))?
3
Let k(c) = 16 + 5*c + 39 - 11. What is the hundreds digit of k(17)?
1
Let r(c) be the first derivative of 5*c**2 - 9*c - 10. What is the tens digit of r(7)?
6
Let p(o) = o**2 + o - 1. Let t(n) = 6*n**2 - 9*n - 7. Let w(u) = 5*p(u) - t(u). What is the tens digit of w(5)?
4
Let v be (-1)/((-1 + 4)/(-537)). Suppose -x = -3*z - v, -3*x + 0*x = 2*z - 493. What is the tens digit of x?
6
What is the tens digit of (7 + 1104/(-30))*-5?
4
Let d(k) = k**3 + 7*k**2 + 3*k + 2. Let v be d(-6). Suppose 4*c + 5*o = 46, -18 - 22 = -4*c - 2*o. Suppose -4*s = -c*s + v. What is the units digit of s?
4
Let q(l) = -1078*l**3 + 3*l**2 + 3*l. What is the thousands digit of q(-1)?
1
Suppose 4*p - 7*p + 738 = 0. What is the hundreds digit of p?
2
Suppose -568 = -6*u + 1118. What is the hundreds digit of u?
2
Let i be (-69)/(-12)*-1 - 2/8. Let h = 89 - i. What is the tens digit of h?
9
Suppose 9*n - 4801 = 2507. What is the tens digit of n?
1
Suppose -8*d = -s - 7*d + 1443, 4*s - 2*d - 5762 = 0. What is the units digit of s?
8
Suppose i = -2*l - 0*l + 1230, -3*i = 2*l - 1238. What is the hundreds digit of l?
6
Suppose -66*x + 57*x + 5193 = 0. What is the hundreds digit of x?
5
Let r(h) = 4*h - 16. Suppose 7 = -b + 12. Let k be r(b). Suppose k*s + 5*p = s + 143, 161 = 3*s - 4*p. What is the units digit of s?
1
Let y = -661 - -3899. What is the units digit of y?
8
Let c(h) = h**3 + 5*h**2 + 2*h. Let w(i) = -4*i. Let f be w(1). What is the units digit of c(f)?
8
Suppose 17*p - 12*p - 55 = 0. What is the tens digit of 8*((p - -1) + -4)?
6
Suppose -b - z = 19, 4*b + 3*z + 86 = z. Let x = b - -41. What is the tens digit of x?
1
Let s(l) = -l**2 + 7*l + 10. Let i be s(8). Let w = -1 - i. What is the units digit of (-25)/15*1*w?
5
Let b(u) = 2*u**2 + 3*u + 4*u**2 + 3*u**3 - 6 - 4*u**3. Suppose -48 = -20*v + 12*v. What is the tens digit of b(v)?
1
Let w(j) = -358*j - 209. What is the units digit of w(-3)?
5
Let c = -80 - -98. What is the tens digit of 285/6 + (-27)/c?
4
Let v = -1056 + 1779. What is the tens digit of v?
2
Suppose -105 = -12*c + 15. Suppose 13*a = c*a + 426. What is the hundreds digit of a?
1
Let c be ((-6)/15)/(3/(-15)). Suppose -4*r + 8 = 0, z + 2 = -2*r - c. What is the 